[INFO] cloning repository https://github.com/azzu/kboard-tui
[INFO] running `Command { std: "git" "-c" "credential.helper=" "-c" "credential.helper=/workspace/cargo-home/bin/git-credential-null" "clone" "--bare" "https://github.com/azzu/kboard-tui" "/workspace/cache/git-repos/https%3A%2F%2Fgithub.com%2Fazzu%2Fkboard-tui", kill_on_drop: false }`
[INFO] [stderr] Cloning into bare repository '/workspace/cache/git-repos/https%3A%2F%2Fgithub.com%2Fazzu%2Fkboard-tui'...
[INFO] running `Command { std: "git" "rev-parse" "HEAD", kill_on_drop: false }`
[INFO] [stdout] fb37c6d353c604243fafb868cec7412ee09d823c
[INFO] checking azzu/kboard-tui against master#9610dfe5a9a731ced1ea4923ecbd0c57fe367898 for beta-170-4
[INFO] running `Command { std: "git" "clone" "/workspace/cache/git-repos/https%3A%2F%2Fgithub.com%2Fazzu%2Fkboard-tui" "/workspace/builds/worker-6-tc1/source", kill_on_drop: false }`
[INFO] [stderr] Cloning into '/workspace/builds/worker-6-tc1/source'...
[INFO] [stderr] done.
[INFO] validating manifest of git repo https://github.com/azzu/kboard-tui on toolchain 9610dfe5a9a731ced1ea4923ecbd0c57fe367898
[INFO] running `Command { std: CARGO_HOME="/workspace/cargo-home" RUSTUP_HOME="/workspace/rustup-home" "/workspace/cargo-home/bin/cargo" "+9610dfe5a9a731ced1ea4923ecbd0c57fe367898" "metadata" "--manifest-path" "Cargo.toml" "--no-deps", kill_on_drop: false }`
[INFO] started tweaking git repo https://github.com/azzu/kboard-tui
[INFO] finished tweaking git repo https://github.com/azzu/kboard-tui
[INFO] tweaked toml for git repo https://github.com/azzu/kboard-tui written to /workspace/builds/worker-6-tc1/source/Cargo.toml
[INFO] crate git repo https://github.com/azzu/kboard-tui already has a lockfile, it will not be regenerated
[INFO] running `Command { std: CARGO_HOME="/workspace/cargo-home" RUSTUP_HOME="/workspace/rustup-home" "/workspace/cargo-home/bin/cargo" "+9610dfe5a9a731ced1ea4923ecbd0c57fe367898" "fetch" "--manifest-path" "Cargo.toml", kill_on_drop: false }`
[INFO] running `Command { std: "docker" "create" "-v" "/var/lib/crater-agent-workspace/builds/worker-6-tc1/target:/opt/rustwide/target:rw,Z" "-v" "/var/lib/crater-agent-workspace/builds/worker-6-tc1/source:/opt/rustwide/workdir:ro,Z" "-v" "/var/lib/crater-agent-workspace/cargo-home:/opt/rustwide/cargo-home:ro,Z" "-v" "/var/lib/crater-agent-workspace/rustup-home:/opt/rustwide/rustup-home:ro,Z" "-e" "SOURCE_DIR=/opt/rustwide/workdir" "-e" "CARGO_TARGET_DIR=/opt/rustwide/target" "-e" "CARGO_HOME=/opt/rustwide/cargo-home" "-e" "RUSTUP_HOME=/opt/rustwide/rustup-home" "-w" "/opt/rustwide/workdir" "-m" "1610612736" "--user" "0:0" "--network" "none" "ghcr.io/rust-lang/crates-build-env/linux@sha256:19e73879b68f455e41552ea35293514db52ea292d993f571636dbffedb77a1ee" "/opt/rustwide/cargo-home/bin/cargo" "+9610dfe5a9a731ced1ea4923ecbd0c57fe367898" "metadata" "--no-deps" "--format-version=1", kill_on_drop: false }`
[INFO] [stdout] 594915c4f4074f278446e3fa732acb156280c5e51b21255964c216ed76ba4ead
[INFO] running `Command { std: "docker" "start" "-a" "594915c4f4074f278446e3fa732acb156280c5e51b21255964c216ed76ba4ead", kill_on_drop: false }`
[INFO] running `Command { std: "docker" "inspect" "594915c4f4074f278446e3fa732acb156280c5e51b21255964c216ed76ba4ead", kill_on_drop: false }`
[INFO] running `Command { std: "docker" "rm" "-f" "594915c4f4074f278446e3fa732acb156280c5e51b21255964c216ed76ba4ead", kill_on_drop: false }`
[INFO] [stdout] 594915c4f4074f278446e3fa732acb156280c5e51b21255964c216ed76ba4ead
[INFO] running `Command { std: "docker" "create" "-v" "/var/lib/crater-agent-workspace/builds/worker-6-tc1/target:/opt/rustwide/target:rw,Z" "-v" "/var/lib/crater-agent-workspace/builds/worker-6-tc1/source:/opt/rustwide/workdir:ro,Z" "-v" "/var/lib/crater-agent-workspace/cargo-home:/opt/rustwide/cargo-home:ro,Z" "-v" "/var/lib/crater-agent-workspace/rustup-home:/opt/rustwide/rustup-home:ro,Z" "-e" "SOURCE_DIR=/opt/rustwide/workdir" "-e" "CARGO_TARGET_DIR=/opt/rustwide/target" "-e" "CARGO_INCREMENTAL=0" "-e" "RUST_BACKTRACE=full" "-e" "RUSTFLAGS=--cap-lints=forbid" "-e" "RUSTDOCFLAGS=--cap-lints=forbid" "-e" "CARGO_HOME=/opt/rustwide/cargo-home" "-e" "RUSTUP_HOME=/opt/rustwide/rustup-home" "-w" "/opt/rustwide/workdir" "-m" "1610612736" "--user" "0:0" "--network" "none" "ghcr.io/rust-lang/crates-build-env/linux@sha256:19e73879b68f455e41552ea35293514db52ea292d993f571636dbffedb77a1ee" "/opt/rustwide/cargo-home/bin/cargo" "+9610dfe5a9a731ced1ea4923ecbd0c57fe367898" "check" "--frozen" "--all" "--all-targets" "--message-format=json", kill_on_drop: false }`
[INFO] [stdout] 38dada18b35c859560b35b6852fd2d371c1c6a4978ee71727d1cb1cf0fcf6520
[INFO] running `Command { std: "docker" "start" "-a" "38dada18b35c859560b35b6852fd2d371c1c6a4978ee71727d1cb1cf0fcf6520", kill_on_drop: false }`
[INFO] [stderr]    Compiling proc-macro2 v1.0.43
[INFO] [stderr]    Compiling quote v1.0.21
[INFO] [stderr]    Compiling unicode-ident v1.0.3
[INFO] [stderr]    Compiling libc v0.2.132
[INFO] [stderr]    Compiling syn v1.0.99
[INFO] [stderr]    Compiling log v0.4.17
[INFO] [stderr]     Checking smallvec v1.9.0
[INFO] [stderr]     Checking once_cell v1.13.1
[INFO] [stderr]    Compiling getrandom v0.1.16
[INFO] [stderr]    Compiling siphasher v0.3.10
[INFO] [stderr]    Compiling serde_derive v1.0.144
[INFO] [stderr]    Compiling serde v1.0.144
[INFO] [stderr]    Compiling memchr v2.5.0
[INFO] [stderr]    Compiling futures-core v0.3.23
[INFO] [stderr]    Compiling openssl-sys v0.9.75
[INFO] [stderr]    Compiling phf_shared v0.10.0
[INFO] [stderr]    Compiling phf_shared v0.8.0
[INFO] [stderr]    Compiling slab v0.4.7
[INFO] [stderr]     Checking futures-sink v0.3.23
[INFO] [stderr]    Compiling futures-task v0.3.23
[INFO] [stderr]     Checking bytes v1.2.1
[INFO] [stderr]    Compiling futures-channel v0.3.23
[INFO] [stderr]     Checking parking_lot_core v0.9.3
[INFO] [stderr]    Compiling getrandom v0.2.7
[INFO] [stderr]     Checking signal-hook-registry v1.4.0
[INFO] [stderr]    Compiling rand_core v0.5.1
[INFO] [stderr]     Checking parking_lot v0.12.1
[INFO] [stderr]     Checking mio v0.8.4
[INFO] [stderr]    Compiling rand_core v0.6.3
[INFO] [stderr]    Compiling tokio v1.20.1
[INFO] [stderr]    Compiling rand_chacha v0.2.2
[INFO] [stderr]    Compiling rand_pcg v0.2.1
[INFO] [stderr]    Compiling futures-util v0.3.23
[INFO] [stderr]     Checking itoa v1.0.3
[INFO] [stderr]    Compiling rand_chacha v0.3.1
[INFO] [stderr]     Checking new_debug_unreachable v1.0.4
[INFO] [stderr]    Compiling rand v0.7.3
[INFO] [stderr]     Checking socket2 v0.4.4
[INFO] [stderr]     Checking num_cpus v1.13.1
[INFO] [stderr]    Compiling rand v0.8.5
[INFO] [stderr]     Checking futures-io v0.3.23
[INFO] [stderr]     Checking mac v0.1.1
[INFO] [stderr]     Checking futf v0.1.5
[INFO] [stderr]     Checking tracing-core v0.1.29
[INFO] [stderr]     Checking precomputed-hash v0.1.1
[INFO] [stderr]    Compiling openssl v0.10.41
[INFO] [stderr]     Checking hashbrown v0.12.3
[INFO] [stderr]     Checking tendril v0.4.3
[INFO] [stderr]     Checking http v0.2.8
[INFO] [stderr]     Checking tracing v0.1.36
[INFO] [stderr]     Checking phf v0.8.0
[INFO] [stderr]    Compiling signal-hook v0.3.14
[INFO] [stderr]    Compiling native-tls v0.2.10
[INFO] [stderr]     Checking want v0.3.0
[INFO] [stderr]    Compiling phf_generator v0.8.0
[INFO] [stderr]    Compiling phf_generator v0.10.0
[INFO] [stderr]    Compiling phf_codegen v0.8.0
[INFO] [stderr]     Checking indexmap v1.9.1
[INFO] [stderr]    Compiling string_cache_codegen v0.5.2
[INFO] [stderr]    Compiling proc-macro-error-attr v1.0.4
[INFO] [stderr]     Checking unicode-normalization v0.1.21
[INFO] [stderr]     Checking time v0.1.44
[INFO] [stderr]     Checking atty v0.2.14
[INFO] [stderr]     Checking http-body v0.4.5
[INFO] [stderr]     Checking ryu v1.0.11
[INFO] [stderr]     Checking tower-service v0.3.2
[INFO] [stderr]    Compiling heck v0.3.3
[INFO] [stderr]     Checking signal-hook-mio v0.2.3
[INFO] [stderr]     Checking textwrap v0.11.0
[INFO] [stderr]     Checking os_str_bytes v6.3.0
[INFO] [stderr]    Compiling serde_json v1.0.85
[INFO] [stderr]    Compiling markup5ever v0.10.1
[INFO] [stderr]    Compiling async-trait v0.1.57
[INFO] [stderr]     Checking idna v0.2.3
[INFO] [stderr]     Checking bit-vec v0.6.3
[INFO] [stderr]     Checking vec_map v0.8.2
[INFO] [stderr]     Checking strsim v0.8.0
[INFO] [stderr]    Compiling anyhow v1.0.62
[INFO] [stderr]     Checking clap v2.34.0
[INFO] [stderr]     Checking bit-set v0.5.3
[INFO] [stderr]     Checking clap_lex v0.2.4
[INFO] [stderr]     Checking crossterm v0.25.0
[INFO] [stderr]     Checking dirs-sys-next v0.1.2
[INFO] [stderr]     Checking unicode-segmentation v1.9.0
[INFO] [stderr]     Checking cassowary v0.3.0
[INFO] [stderr]     Checking url v2.2.2
[INFO] [stderr]     Checking clap v3.2.17
[INFO] [stderr]     Checking dirs-next v2.0.0
[INFO] [stderr]     Checking tui v0.19.0
[INFO] [stderr]    Compiling proc-macro-error v1.0.4
[INFO] [stderr]    Compiling futures-macro v0.3.23
[INFO] [stderr]    Compiling tokio-macros v1.8.0
[INFO] [stderr]    Compiling openssl-macros v0.1.0
[INFO] [stderr]    Compiling html5ever v0.25.2
[INFO] [stderr]    Compiling structopt-derive v0.4.18
[INFO] [stderr]     Checking structopt v0.3.26
[INFO] [stderr]     Checking tokio-util v0.7.3
[INFO] [stderr]     Checking tokio-native-tls v0.3.0
[INFO] [stderr]     Checking futures-executor v0.3.23
[INFO] [stderr]     Checking h2 v0.3.14
[INFO] [stderr]     Checking futures v0.3.23
[INFO] [stderr]     Checking string_cache v0.8.4
[INFO] [stderr]     Checking serde_urlencoded v0.7.1
[INFO] [stderr]     Checking toml v0.5.9
[INFO] [stderr]     Checking hyper v0.14.20
[INFO] [stderr]     Checking xml5ever v0.16.2
[INFO] [stderr]     Checking markup5ever_rcdom v0.1.0
[INFO] [stderr]     Checking select v0.6.0-alpha.1
[INFO] [stderr]     Checking hyper-tls v0.5.0
[INFO] [stderr]     Checking reqwest v0.11.11
[INFO] [stderr]     Checking kboard-tui v0.1.0 (/opt/rustwide/workdir)
[INFO] [stdout] error: prefix `config` is unknown
[INFO] [stdout]   --> src/main.rs:35:24
[INFO] [stdout]    |
[INFO] [stdout] 35 |                 outln!(config#Error, "error: {}", err.to_string());
[INFO] [stdout]    |                        ^^^^^^ unknown prefix
[INFO] [stdout]    |
[INFO] [stdout]    = note: prefixed identifiers and literals are reserved since Rust 2021
[INFO] [stdout] help: consider inserting whitespace here
[INFO] [stdout]    |
[INFO] [stdout] 35 |                 outln!(config #Error, "error: {}", err.to_string());
[INFO] [stdout]    |                              +
[INFO] [stdout] 
[INFO] [stdout] 
[INFO] [stdout] error: expected one of `!`, `+`, `::`, `where`, or `{`, found `}`
[INFO] [stdout]   --> src/app.rs:31:1
[INFO] [stdout]    |
[INFO] [stdout] 30 |     fn move_focus(&mut self, key: Key) -> anyhow::Result<EventState>
[INFO] [stdout]    |        ---------- while parsing this `fn`                           - expected one of `!`, `+`, `::`, `where`, or `{`
[INFO] [stdout] 31 | }
[INFO] [stdout]    | ^ unexpected token
[INFO] [stdout] 
[INFO] [stdout] 
[INFO] [stdout] error: prefix `config` is unknown
[INFO] [stdout]   --> src/main.rs:35:24
[INFO] [stdout]    |
[INFO] [stdout] 35 |                 outln!(config#Error, "error: {}", err.to_string());
[INFO] [stdout]    |                        ^^^^^^ unknown prefix
[INFO] [stdout]    |
[INFO] [stdout]    = note: prefixed identifiers and literals are reserved since Rust 2021
[INFO] [stdout] help: consider inserting whitespace here
[INFO] [stdout]    |
[INFO] [stdout] 35 |                 outln!(config #Error, "error: {}", err.to_string());
[INFO] [stdout]    |                              +
[INFO] [stdout] 
[INFO] [stdout] 
[INFO] [stdout] error: expected one of `!`, `+`, `::`, `where`, or `{`, found `}`
[INFO] [stdout]   --> src/app.rs:31:1
[INFO] [stdout]    |
[INFO] [stdout] 30 |     fn move_focus(&mut self, key: Key) -> anyhow::Result<EventState>
[INFO] [stdout]    |        ---------- while parsing this `fn`                           - expected one of `!`, `+`, `::`, `where`, or `{`
[INFO] [stdout] 31 | }
[INFO] [stdout]    | ^ unexpected token
[INFO] [stdout] 
[INFO] [stdout] 
[INFO] [stdout] error: associated function in `impl` without body
[INFO] [stdout]   --> src/app.rs:30:5
[INFO] [stdout]    |
[INFO] [stdout] 30 |     fn move_focus(&mut self, key: Key) -> anyhow::Result<EventState>
[INFO] [stdout]    |     ^^^^^^^^^^^^^^^^^^^^^^^^^^^^^^^^^^^^^^^^^^^^^^^^^^^^^^^^^^^^^^^^- help: provide a definition for the function: `{ <body> }`
[INFO] [stdout] 
[INFO] [stdout] 
[INFO] [stdout] error: associated function in `impl` without body
[INFO] [stdout]   --> src/app.rs:30:5
[INFO] [stdout]    |
[INFO] [stdout] 30 |     fn move_focus(&mut self, key: Key) -> anyhow::Result<EventState>
[INFO] [stdout]    |     ^^^^^^^^^^^^^^^^^^^^^^^^^^^^^^^^^^^^^^^^^^^^^^^^^^^^^^^^^^^^^^^^- help: provide a definition for the function: `{ <body> }`
[INFO] [stdout] 
[INFO] [stdout] 
[INFO] [stdout] error: cannot find derive macro `Serialize` in this scope
[INFO] [stdout]   --> src/event/key.rs:7:25
[INFO] [stdout]    |
[INFO] [stdout] 7  | #[cfg_attr(test, derive(Serialize))]
[INFO] [stdout]    |                         ^^^^^^^^^ help: a derive macro with a similar name exists: `Deserialize`
[INFO] [stdout]    |
[INFO] [stdout]   ::: /opt/rustwide/cargo-home/registry/src/index.crates.io-6f17d22bba15001f/serde_derive-1.0.144/src/lib.rs:99:1
[INFO] [stdout]    |
[INFO] [stdout] 99 | pub fn derive_deserialize(input: TokenStream) -> TokenStream {
[INFO] [stdout]    | ------------------------------------------------------------ similarly named derive macro `Deserialize` defined here
[INFO] [stdout]    |
[INFO] [stdout]    = help: consider importing this derive macro:
[INFO] [stdout]            serde::Serialize
[INFO] [stdout] 
[INFO] [stdout] 
[INFO] [stdout] error: cannot find derive macro `Serialize` in this scope
[INFO] [stdout]   --> src/config.rs:33:25
[INFO] [stdout]    |
[INFO] [stdout] 33 | #[cfg_attr(test, derive(Serialize))]
[INFO] [stdout]    |                         ^^^^^^^^^ help: a derive macro with a similar name exists: `Deserialize`
[INFO] [stdout]    |
[INFO] [stdout]   ::: /opt/rustwide/cargo-home/registry/src/index.crates.io-6f17d22bba15001f/serde_derive-1.0.144/src/lib.rs:99:1
[INFO] [stdout]    |
[INFO] [stdout] 99 | pub fn derive_deserialize(input: TokenStream) -> TokenStream {
[INFO] [stdout]    | ------------------------------------------------------------ similarly named derive macro `Deserialize` defined here
[INFO] [stdout]    |
[INFO] [stdout]    = help: consider importing this derive macro:
[INFO] [stdout]            serde::Serialize
[INFO] [stdout] 
[INFO] [stdout] 
[INFO] [stdout] error[E0412]: cannot find type `EventState` in this scope
[INFO] [stdout]   --> src/app.rs:30:58
[INFO] [stdout]    |
[INFO] [stdout] 30 |     fn move_focus(&mut self, key: Key) -> anyhow::Result<EventState>
[INFO] [stdout]    |                                                          ^^^^^^^^^^ not found in this scope
[INFO] [stdout]    |
[INFO] [stdout] help: consider importing this enum
[INFO] [stdout]    |
[INFO] [stdout] 1  + use crate::component::EventState;
[INFO] [stdout]    |
[INFO] [stdout] 
[INFO] [stdout] 
[INFO] [stdout] error[E0412]: cannot find type `E` in this scope
[INFO] [stdout]   --> src/component/mod.rs:57:38
[INFO] [stdout]    |
[INFO] [stdout] 57 |     fn show(&mut self) -> Result<(), E> {
[INFO] [stdout]    |                                      ^ help: a trait with a similar name exists: `Eq`
[INFO] [stdout]   --> /rustc/9610dfe5a9a731ced1ea4923ecbd0c57fe367898/library/core/src/cmp.rs:283:1
[INFO] [stdout]    |
[INFO] [stdout]    = note: similarly named trait `Eq` defined here
[INFO] [stdout] 
[INFO] [stdout] 
[INFO] [stdout] warning: unused import: `crate::config::KeyConfig`
[INFO] [stdout]  --> src/component/command.rs:1:5
[INFO] [stdout]   |
[INFO] [stdout] 1 | use crate::config::KeyConfig;
[INFO] [stdout]   |     ^^^^^^^^^^^^^^^^^^^^^^^^
[INFO] [stdout]   |
[INFO] [stdout]   = note: `#[warn(unused_imports)]` on by default
[INFO] [stdout] 
[INFO] [stdout] 
[INFO] [stdout] error[E0412]: cannot find type `EventState` in this scope
[INFO] [stdout]   --> src/app.rs:30:58
[INFO] [stdout]    |
[INFO] [stdout] 30 |     fn move_focus(&mut self, key: Key) -> anyhow::Result<EventState>
[INFO] [stdout]    |                                                          ^^^^^^^^^^ not found in this scope
[INFO] [stdout]    |
[INFO] [stdout] help: consider importing this enum
[INFO] [stdout]    |
[INFO] [stdout] 1  + use crate::component::EventState;
[INFO] [stdout]    |
[INFO] [stdout] 
[INFO] [stdout] 
[INFO] [stdout] error[E0412]: cannot find type `E` in this scope
[INFO] [stdout]   --> src/component/mod.rs:57:38
[INFO] [stdout]    |
[INFO] [stdout] 57 |     fn show(&mut self) -> Result<(), E> {
[INFO] [stdout]    |                                      ^ help: a trait with a similar name exists: `Eq`
[INFO] [stdout]   --> /rustc/9610dfe5a9a731ced1ea4923ecbd0c57fe367898/library/core/src/cmp.rs:283:1
[INFO] [stdout]    |
[INFO] [stdout]    = note: similarly named trait `Eq` defined here
[INFO] [stdout] 
[INFO] [stdout] 
[INFO] [stdout] warning: unused import: `crate::config::KeyConfig`
[INFO] [stdout]  --> src/component/command.rs:1:5
[INFO] [stdout]   |
[INFO] [stdout] 1 | use crate::config::KeyConfig;
[INFO] [stdout]   |     ^^^^^^^^^^^^^^^^^^^^^^^^
[INFO] [stdout]   |
[INFO] [stdout]   = note: `#[warn(unused_imports)]` on by default
[INFO] [stdout] 
[INFO] [stdout] 
[INFO] [stdout] error[E0369]: binary operation `==` cannot be applied to type `EventState`
[INFO] [stdout]   --> src/component/mod.rs:17:15
[INFO] [stdout]    |
[INFO] [stdout] 17 |         *self == Self::Consumed
[INFO] [stdout]    |         ----- ^^ -------------- EventState
[INFO] [stdout]    |         |
[INFO] [stdout]    |         EventState
[INFO] [stdout]    |
[INFO] [stdout] note: an implementation of `PartialEq` might be missing for `EventState`
[INFO] [stdout]   --> src/component/mod.rs:10:1
[INFO] [stdout]    |
[INFO] [stdout] 10 | pub enum EventState {
[INFO] [stdout]    | ^^^^^^^^^^^^^^^^^^^ must implement `PartialEq`
[INFO] [stdout] help: consider annotating `EventState` with `#[derive(PartialEq)]`
[INFO] [stdout]    |
[INFO] [stdout] 10 + #[derive(PartialEq)]
[INFO] [stdout] 11 | pub enum EventState {
[INFO] [stdout]    |
[INFO] [stdout] 
[INFO] [stdout] 
[INFO] [stdout] error[E0369]: binary operation `==` cannot be applied to type `EventState`
[INFO] [stdout]   --> src/component/mod.rs:17:15
[INFO] [stdout]    |
[INFO] [stdout] 17 |         *self == Self::Consumed
[INFO] [stdout]    |         ----- ^^ -------------- EventState
[INFO] [stdout]    |         |
[INFO] [stdout]    |         EventState
[INFO] [stdout]    |
[INFO] [stdout] note: an implementation of `PartialEq` might be missing for `EventState`
[INFO] [stdout]   --> src/component/mod.rs:10:1
[INFO] [stdout]    |
[INFO] [stdout] 10 | pub enum EventState {
[INFO] [stdout]    | ^^^^^^^^^^^^^^^^^^^ must implement `PartialEq`
[INFO] [stdout] help: consider annotating `EventState` with `#[derive(PartialEq)]`
[INFO] [stdout]    |
[INFO] [stdout] 10 + #[derive(PartialEq)]
[INFO] [stdout] 11 | pub enum EventState {
[INFO] [stdout]    |
[INFO] [stdout] 
[INFO] [stdout] 
[INFO] [stdout] error[E0599]: no method named `event` found for struct `app::App` in the current scope
[INFO] [stdout]   --> src/main.rs:41:44
[INFO] [stdout]    |
[INFO] [stdout] 41 |             Event::Input(key) => match app.event(key).await {
[INFO] [stdout]    |                                            ^^^^^ method not found in `app::App`
[INFO] [stdout]    |
[INFO] [stdout]   ::: src/app.rs:11:1
[INFO] [stdout]    |
[INFO] [stdout] 11 | pub struct App {
[INFO] [stdout]    | -------------- method `event` not found for this struct
[INFO] [stdout]    |
[INFO] [stdout]    = help: items from traits can only be used if the trait is implemented and in scope
[INFO] [stdout]    = note: the following traits define an item `event`, perhaps you need to implement one of them:
[INFO] [stdout]            candidate #1: `component::Component`
[INFO] [stdout]            candidate #2: `tracing::Subscriber`
[INFO] [stdout] 
[INFO] [stdout] 
[INFO] [stdout] error[E0599]: no method named `event` found for struct `app::App` in the current scope
[INFO] [stdout]   --> src/main.rs:41:44
[INFO] [stdout]    |
[INFO] [stdout] 41 |             Event::Input(key) => match app.event(key).await {
[INFO] [stdout]    |                                            ^^^^^ method not found in `app::App`
[INFO] [stdout]    |
[INFO] [stdout]   ::: src/app.rs:11:1
[INFO] [stdout]    |
[INFO] [stdout] 11 | pub struct App {
[INFO] [stdout]    | -------------- method `event` not found for this struct
[INFO] [stdout]    |
[INFO] [stdout]    = help: items from traits can only be used if the trait is implemented and in scope
[INFO] [stdout]    = note: the following traits define an item `event`, perhaps you need to implement one of them:
[INFO] [stdout]            candidate #1: `component::Component`
[INFO] [stdout]            candidate #2: `tracing::Subscriber`
[INFO] [stdout] 
[INFO] [stdout] 
[INFO] [stdout] error[E0609]: no field `error` on type `app::App`
[INFO] [stdout]   --> src/main.rs:47:33
[INFO] [stdout]    |
[INFO] [stdout] 47 |                 Err(err) => app.error.set(err.to_string())?,
[INFO] [stdout]    |                                 ^^^^^ unknown field
[INFO] [stdout]    |
[INFO] [stdout]    = note: available fields are: `config`
[INFO] [stdout] 
[INFO] [stdout] 
[INFO] [stdout] error[E0609]: no field `error` on type `app::App`
[INFO] [stdout]   --> src/main.rs:47:33
[INFO] [stdout]    |
[INFO] [stdout] 47 |                 Err(err) => app.error.set(err.to_string())?,
[INFO] [stdout]    |                                 ^^^^^ unknown field
[INFO] [stdout]    |
[INFO] [stdout]    = note: available fields are: `config`
[INFO] [stdout] 
[INFO] [stdout] 
[INFO] [stdout] error: aborting due to 10 previous errors; 1 warning emitted
[INFO] [stdout] 
[INFO] [stdout] 
[INFO] [stdout] error: aborting due to 8 previous errors; 1 warning emitted
[INFO] [stdout] 
[INFO] [stdout] 
[INFO] [stdout] Some errors have detailed explanations: E0369, E0412, E0599, E0609.
[INFO] [stdout] 
[INFO] [stdout] For more information about an error, try `rustc --explain E0369`.
[INFO] [stdout] 
[INFO] [stdout] Some errors have detailed explanations: E0369, E0412, E0599, E0609.
[INFO] [stdout] 
[INFO] [stdout] For more information about an error, try `rustc --explain E0369`.
[INFO] [stdout] 
[INFO] [stderr] error: could not compile `kboard-tui` (bin "kboard-tui") due to 9 previous errors; 1 warning emitted
[INFO] [stderr] warning: build failed, waiting for other jobs to finish...
[INFO] [stderr] error: could not compile `kboard-tui` (bin "kboard-tui" test) due to 11 previous errors; 1 warning emitted
[INFO] running `Command { std: "docker" "inspect" "38dada18b35c859560b35b6852fd2d371c1c6a4978ee71727d1cb1cf0fcf6520", kill_on_drop: false }`
[INFO] running `Command { std: "docker" "rm" "-f" "38dada18b35c859560b35b6852fd2d371c1c6a4978ee71727d1cb1cf0fcf6520", kill_on_drop: false }`
[INFO] [stdout] 38dada18b35c859560b35b6852fd2d371c1c6a4978ee71727d1cb1cf0fcf6520
